(-20)/2. Suppose 2*t - 26 = 3*b, b + 2 = -t + v. Calculate the remainder when 17 is divided by t.
7
Suppose 5*n - 3*g - 2436 = 0, -3*n + 3*g = 5*g - 1473. What is the remainder when n is divided by 35?
34
Suppose 11*s - 9*s + 4*l - 46 = 0, 4*l - 139 = -5*s. What is the remainder when 835 is divided by s?
29
Let n(u) = u**3 - 14*u**2 - 14*u. Let l be 14 - 4/(-12)*3. Calculate the remainder when (-1191)/(-21) - 4/(-14) is divided by n(l).
12
Let i = -36 + 32. Calculate the remainder when 16 + (2 - 0)/(-2) is divided by (-1)/(2/i)*2.
3
Suppose 4*q + 451 = u - 34, 0 = 5*u + q - 2320. Calculate the remainder when u is divided by 18.
15
Let t(h) = h**3 + 3*h**2 - 12*h - 26. What is the remainder when (2/3)/((-2)/(-57)) is divided by t(-3)?
9
Calculate the remainder when 19611/162 - 1/18 is divided by 53.
15
Let a = 21 - 16. Suppose -2*v = -a*p + 82, 2*p - 3*v + 0*v - 35 = 0. Let n = 45 - p. Calculate the remainder when 55 is divided by n.
26
Let z = -40 - -73. Suppose 2*l - z + 1 = 0. Let j(q) = -24*q - 3. What is the remainder when j(-2) is divided by l?
13
Suppose 119*i - 1071 = -23*i - 11*i. What is the remainder when 1*8*6 + 0 is divided by i?
6
Let l be (-3 + 2 + 1)/(-1). Suppose p + 3*r - 57 = 0, 4*r + 4 + 8 = 0. Suppose l*y - y = -p. Calculate the remainder when y is divided by 17.
15
Calculate the remainder when (174/(-8))/((-2)/8) is divided by (-6)/4*-4*(-6)/(-4).
6
Suppose -2*a = 4*z - 32, -3*a = z + 3*z - 30. Let v = 11 - z. Calculate the remainder when 8 is divided by v.
0
Suppose -2 = -o + 5*l, o = 6*o - 2*l - 56. Suppose -3*d + 4*a + 67 = 0, 0 = 5*a + 5. Calculate the remainder when d is divided by o.
9
Suppose d - 2*d = -33. Let o(z) = 11*z + 1. Let y be o(-4). Let x = y - -140. Calculate the remainder when x is divided by d.
31
Suppose q = 5*j + 25, -2*j = -5*q - 6*j + 9. Suppose -3*u = -4*p - 1004, -q*u + 14*p = 13*p - 1645. Calculate the remainder when u is divided by 55.
53
Let i(h) be the second derivative of 3*h**5/10 - 3*h**4/4 + 7*h**2/2 - 14*h. Calculate the remainder when i(4) is divided by 50.
47
Let h(p) = 2*p**2 + 10*p + 31. What is the remainder when 1336 is divided by h(-9)?
100
Let u be 2 + 1 - 3 - -3. Suppose 5*w - i - 60 = i, 0 = 2*w - u*i - 35. What is the remainder when w is divided by 3?
1
Let q(a) = -50*a**3 - a**2 - 4*a - 3. What is the remainder when q(-1) is divided by -76*(-2 + (-7)/(-4))?
12
Suppose 0 = -15*b + 17*b - 32. Suppose j = 5*s + 15, 2*j - s - 46 = -b. Calculate the remainder when j is divided by 3.
0
Let b(l) = l**3 - 17*l**2 + 15*l + 24. What is the remainder when 557 is divided by b(16)?
5
Let c = -26 - -19. Calculate the remainder when 15 is divided by -1*1 - (-2 + c).
7
Suppose o + 4*b = -15, -2*o + 7*b - 3*b = -30. Let i(t) = 4*t**2 - 5*t - 3. Calculate the remainder when i(-3) is divided by o.
3
Suppose 5*a - 2334 = -5*p - 814, 3*a - 608 = -2*p. Calculate the remainder when p is divided by 151.
2
Suppose 46 = 4*m - 10. Let c = 106 - m. Let l = 46 - 15. What is the remainder when c is divided by l?
30
Let n(r) = r**3 + 20*r**2 + 19*r + 5. Calculate the remainder when 18 is divided by n(-19).
3
Let d(k) = -28*k + 2. Let m be d(2). Calculate the remainder when 12*-5*(-2)/30 is divided by m/(-12) + 6/(-4).
1
Suppose 2*w + w - 5*p = 67, 2*w = 2*p + 50. Suppose y = l - 4*y - w, 4*y = l - 24. What is the remainder when 22 is divided by l?
2
Suppose 0*k = k - 89. Suppose 39*y - 29*y = 300. What is the remainder when k is divided by y?
29
Suppose 4*h + 4*d - 29 = 3*h, 5*h + d = 164. Calculate the remainder when 296 is divided by h.
32
Let k(i) = 35*i - 7. Calculate the remainder when 1462 is divided by k(4).
132
Suppose 9*y - 8*y - 3*o = 21, 5*y - 3*o = 93. Calculate the remainder when y is divided by 10.
8
Suppose -756 = -78*d + 24*d. Calculate the remainder when 160 is divided by d.
6
What is the remainder when 6/4*(3520/33 - 4) is divided by 55?
44
Suppose 8*j - 4*j = -8, 2*j - 12 = -2*c. Calculate the remainder when 11 is divided by c.
3
Suppose -4*p + 2*z + 114 = 0, p - z - 43 = -16. Suppose 0 = -a - 3*a - v - 63, -5*v = -3*a - 76. Let k = -9 - a. What is the remainder when p is divided by k?
6
Let k = 9 - 0. Suppose -9 = -c + 70. Let y = 112 - c. Calculate the remainder when y is divided by k.
6
Let r = -64 - -108. Suppose -4*z = -2*x + 24, 5*z + 2*x = -4 - r. Calculate the remainder when 6*4/z - -62 is divided by 16.
11
Suppose 4414 = 5*x - 2901. Suppose 0*k = k - 49. What is the remainder when k is divided by x/56 - (-2)/(-16)?
23
Let o = -59 + 69. What is the remainder when 53 is divided by o?
3
Let m = 36 - 54. Let b = m - -35. Calculate the remainder when 118 is divided by b.
16
Suppose -3*t = -0*t - 39. Let l be (-1 + 5)/((-36)/(-18)) - -158. Let c = l - 123. Calculate the remainder when c is divided by t.
11
Suppose 7*d - 978 - 1661 = 0. What is the remainder when d is divided by 184?
9
Suppose -t + 5*g = 0, 3*g - 2 = 10. Calculate the remainder when 295 is divided by t.
15
Suppose -22*a = -20*a - 62. Calculate the remainder when 83 is divided by a.
21
Suppose -2139 = -85*k - 8*k. Calculate the remainder when 173 is divided by k.
12
Let d = -11 + 85. Calculate the remainder when d is divided by 14 + 4 + -5 - -2.
14
Let c(d) = -10*d - 66. What is the remainder when 135 is divided by c(-8)?
9
Suppose 0 = -19*m + 16*m + 21. Suppose 2*q + 40 = 5*a, a - m = q + 4. Calculate the remainder when 59 is divided by a.
5
Let c(r) be the third derivative of -r**4/24 + r**3/3 + 5*r**2. What is the remainder when -5*-2*3/15 is divided by c(1)?
0
Let w(v) = 141*v**2 + 9*v + 9. What is the remainder when w(-1) is divided by 11?
9
Let j(w) = w**3 + 8*w**2 - w - 4. Let s be j(-8). Suppose -3*m + 616 = s*m. What is the remainder when m is divided by 15?
13
Let f = -362 - -423. What is the remainder when 425 is divided by f?
59
Suppose 71*h - 2935 = 21560. What is the remainder when h is divided by 118?
109
Let n be (-35)/(-4) - (-3)/(-4). Let u(w) = n*w + 0*w**2 - 3*w**2 + 2*w**2. Calculate the remainder when 46 is divided by u(6).
10
Let s be 8 - ((-2)/(-4))/(4/(-24)). Suppose -4*m - 4*a + 45 = -403, 2*m = 5*a + 189. Calculate the remainder when m is divided by 36/7*(s - 4).
35
Suppose 4*w - 37 = 3*k, k + 2*k + 2*w + 49 = 0. Let a(b) = b**3 + 17*b**2 + 28*b - 8. What is the remainder when 40 is divided by a(k)?
18
Let y(k) = -12*k + k - 12 - 1904*k**2 + 1907*k**2. Calculate the remainder when 56 is divided by y(6).
26
Let v be (32/5)/(1/5). Suppose -26 = -3*j - k, 3*j + 5*k - v = k. Calculate the remainder when ((-9)/(-6))/((84/40)/21) is divided by j.
7
Let k = -16 + 24. What is the remainder when k is divided by (-6 - -2) + (-4)/((-20)/35)?
2
Let x be (-152)/(-114) + 28/6. Let i(f) = 3*f + 1. Let h be i(-1). What is the remainder when 15 is divided by (-3)/h*16/x?
3
Calculate the remainder when (8 - 5) + (63 - 6) is divided by 16.
12
Suppose 5*m - 145 = 5*s + 5, -2*s = -3*m + 91. Calculate the remainder when 485 is divided by m.
20
Suppose 181*c - 186*c = 5*q - 7710, 4*q - 2*c = 6192. Calculate the remainder when q is divided by 25.
21
Suppose 0 = -b - 7 + 4. What is the remainder when 66/12 + b/(-2) is divided by 3?
1
What is the remainder when 9/((-18)/(-6298)) + 8 is divided by 40?
37
Let q(r) = -r**3 - 7*r**2 + r + 5. Let f be q(-7). What is the remainder when f/7 + 634/14 is divided by 1 + (4 + -7 - -25)?
22
Let l = 0 - -1. Let u(a) = -17*a**2 + 18*a**2 - a**3 + a + 4*a**3 - 1. What is the remainder when 9 is divided by u(l)?
1
Suppose 3*t - 608 = -35*t. Calculate the remainder when 605 is divided by t.
13
Suppose 2*h = 2*n + 46, 4*n + 2*h = -0*h - 62. Let r = n + 21. What is the remainder when 4 is divided by r?
1
Let d = -78 - -121. What is the remainder when 84 is divided by d?
41
Let k(i) = -2*i + 10. Suppose -7 = 3*o - 2*y, 0 = 2*y + 3*y + 20. Let l = 8 - o. Calculate the remainder when k(-7) is divided by l.
11
Let d(l) = 7*l**2 - 3*l + 5. Calculate the remainder when 214 is divided by d(2).
25
Let z = -173 + 392. Calculate the remainder when z is divided by 13.
11
Suppose -7*h - 9*h + 176 = 0. Let p(x) = -2*x + 55. Calculate the remainder when p(h) is divided by 17.
16
Let j(x) = x**2 + 3*x - 6. Let v be j(-8). Let l = -27 + v. Calculate the remainder when 13 is divided by l.
6
Let q be